{"id":6594,"date":"2025-10-30T14:08:01","date_gmt":"2025-10-30T14:08:01","guid":{"rendered":"https:\/\/matt.moreau.formation-esiac.fr\/?page_id=6594"},"modified":"2025-10-30T14:23:16","modified_gmt":"2025-10-30T14:23:16","slug":"entreprise","status":"publish","type":"page","link":"https:\/\/matt.moreau.formation-esiac.fr\/index.php\/entreprise\/","title":{"rendered":"Entreprise"},"content":{"rendered":"\n<div class=\"wp-block-cover is-light banner-wrap\" style=\"border-radius:20px;min-height:650px;aspect-ratio:unset;\"><span aria-hidden=\"true\" class=\"wp-block-cover__background has-background-dim-100 has-background-dim\" style=\"background-color:#f0efef\"><\/span><div class=\"wp-block-cover__inner-container is-layout-constrained wp-container-core-cover-is-layout-4f9f0532 wp-block-cover-is-layout-constrained\">\n<div class=\"wp-block-columns are-vertically-aligned-center banner-innerr is-layout-flex wp-container-core-columns-is-layout-28f84493 wp-block-columns-is-layout-flex\">\n<div class=\"wp-block-column is-vertically-aligned-center banner-image is-layout-flow wp-block-column-is-layout-flow\" style=\"flex-basis:50%\">\n<p>Pendant mes deux ann\u00e9es de BTS SIO option SISR, j&#8217;ai effectu\u00e9 une alternance dans l&#8217;entreprise nomm\u00e9 Alphalink. Celle-ci \u00e0 pu m&#8217;accompagner et \u00e0 consolider mes connaissances apprises durant mes deux ann\u00e9es au CFA.<\/p>\n\n\n\n<h2 class=\"wp-block-heading\">Pr\u00e9sentation :<\/h2>\n\n\n\n<p>Alphalink a vu le jour en 1999, gr\u00e2ce \u00e0 l&#8217;initiative de deux entrepreneurs visionnaires, parmi lesquels Alexandre NICAISE se distingue en restant \u00e0 la direction de l&#8217;entreprise jusqu&#8217;\u00e0 aujourd&#8217;hui. Initialement, cette petite entreprise parisienne, avec une \u00e9quipe de 5 \u00e0 6 employ\u00e9s, s&#8217;est sp\u00e9cialis\u00e9e dans la gestion des r\u00e9seaux priv\u00e9s virtuels (VPN), r\u00e9pondant aux besoins des grandes entreprises fran\u00e7aises.<\/p>\n\n\n\n<p>Face \u00e0 l&#8217;explosion de la bulle internet au d\u00e9but des ann\u00e9es 2000, Alphalink a rapidement adapt\u00e9 sa strat\u00e9gie pour embrasser le secteur des t\u00e9l\u00e9communications. En 2001, la cr\u00e9ation d&#8217;Init Sys a marqu\u00e9 un tournant majeur, devenant la pierre angulaire de l&#8217;entreprise dans ce domaine.<\/p>\n\n\n\n<p>L&#8217;innovation continue a caract\u00e9ris\u00e9 le parcours d&#8217;Alphalink avec le lancement des services de voix sur IP en 2004, suivi par l&#8217;introduction de la VISP (Virtual Internet Service Provider) en 2005, ce qui a permis \u00e0 l&#8217;entreprise d&#8217;affirmer son r\u00f4le de pionnier dans l&#8217;accompagnement de ses clients vers la transformation num\u00e9rique.<\/p>\n\n\n\n<p>D\u00e8s 2006, Alphalink se positionne comme un partenaire privil\u00e9gi\u00e9 pour les entreprises souhaitant devenir op\u00e9rateurs, t\u00e9moignant de sa capacit\u00e9 \u00e0 anticiper les \u00e9volutions du march\u00e9. L&#8217;ann\u00e9e 2018 marque une \u00e9tape d\u00e9cisive avec le d\u00e9ploiement de son propre r\u00e9seau fibre optique, illustrant son engagement envers l&#8217;innovation et le d\u00e9veloppement durable.<\/p>\n\n\n\n<p>Actuellement, Alphalink s&#8217;impose comme un leader sur le march\u00e9 indirect des t\u00e9l\u00e9communications, offrant des solutions avant-gardistes pour la transition num\u00e9rique des entreprises. En tant qu&#8217;op\u00e9rateur d&#8217;infrastructures, la soci\u00e9t\u00e9 d\u00e9ploie un r\u00e9seau fibre de pointe, garantissant \u00e0 ses partenaires une connectivit\u00e9 de haute qualit\u00e9, une s\u00e9curit\u00e9 maximale et une disponibilit\u00e9 sans faille.<\/p>\n\n\n\n<p>La strat\u00e9gie de Alphalink repose sur des offres flexibles et enti\u00e8rement pilotables en ligne, accompagn\u00e9es d&#8217;un support technique et commercial de premier ordre. Cette approche a non seulement consolid\u00e9 son leadership, mais a \u00e9galement contribu\u00e9 \u00e0 la croissance et au succ\u00e8s de ses partenaires.<\/p>\n\n\n\n<h2 class=\"wp-block-heading\">Liens externe :<\/h2>\n\n\n\n<p>Voici quelques liens concernant Alphalink :<\/p>\n\n\n\n<p><strong>Linkedin<\/strong>\u00a0:\u00a0<a href=\"https:\/\/www.linkedin.com\/company\/groupe-alphalink\">https:\/\/www.linkedin.com\/company\/groupe-alphalink<\/a><\/p>\n\n\n\n<p><strong>Site internet<\/strong>\u00a0:\u00a0<a href=\"https:\/\/alphalink.fr\/\">https:\/\/alphalink.fr<\/a><\/p>\n\n\n\n<p><strong>Twitter<\/strong>\u00a0:\u00a0<a href=\"https:\/\/twitter.com\/groupealphalink\">https:\/\/twitter.com\/groupealphalink<\/a><\/p>\n<\/div>\n<\/div>\n<\/div><\/div>\n\n\n\n<p><\/p>\n","protected":false},"excerpt":{"rendered":"","protected":false},"author":1,"featured_media":0,"parent":0,"menu_order":0,"comment_status":"closed","ping_status":"closed","template":"","meta":{"footnotes":""},"class_list":["post-6594","page","type-page","status-publish","hentry"],"_links":{"self":[{"href":"https:\/\/matt.moreau.formation-esiac.fr\/index.php\/wp-json\/wp\/v2\/pages\/6594","targetHints":{"allow":["GET"]}}],"collection":[{"href":"https:\/\/matt.moreau.formation-esiac.fr\/index.php\/wp-json\/wp\/v2\/pages"}],"about":[{"href":"https:\/\/matt.moreau.formation-esiac.fr\/index.php\/wp-json\/wp\/v2\/types\/page"}],"author":[{"embeddable":true,"href":"https:\/\/matt.moreau.formation-esiac.fr\/index.php\/wp-json\/wp\/v2\/users\/1"}],"replies":[{"embeddable":true,"href":"https:\/\/matt.moreau.formation-esiac.fr\/index.php\/wp-json\/wp\/v2\/comments?post=6594"}],"version-history":[{"count":3,"href":"https:\/\/matt.moreau.formation-esiac.fr\/index.php\/wp-json\/wp\/v2\/pages\/6594\/revisions"}],"predecessor-version":[{"id":6603,"href":"https:\/\/matt.moreau.formation-esiac.fr\/index.php\/wp-json\/wp\/v2\/pages\/6594\/revisions\/6603"}],"wp:attachment":[{"href":"https:\/\/matt.moreau.formation-esiac.fr\/index.php\/wp-json\/wp\/v2\/media?parent=6594"}],"curies":[{"name":"wp","href":"https:\/\/api.w.org\/{rel}","templated":true}]}}